32 + -3?
-335
In base 7, what is 520 + 4?
524
In base 14, what is 81 - 39?
46
In base 3, what is 200 + -11?
112
In base 6, what is -1551 - -3?
-1544
In base 4, what is -1 + 32131?
32130
In base 10, what is -27 + -38?
-65
In base 2, what is -10110 - 110001?
-1000111
In base 12, what is 3 - 33?
-30
In base 11, what is -29 + -38?
-66
In base 3, what is 2 - -201?
210
In base 7, what is -2630 - -3?
-2624
In base 9, what is -33 - -1?
-32
In base 3, what is 2222 - -22?
10021
In base 16, what is 2 + -1a7?
-1a5
In base 14, what is -746 - -6?
-740
In base 9, what is -11 - 315?
-326
In base 14, what is 6d8 + -3?
6d5
In base 13, what is -150 + 46?
-107
In base 7, what is -12 + -1421?
-1433
In base 3, what is 10121 + 11?
10202
In base 7, what is 13 - -501?
514
In base 15, what is -2 - 94?
-96
In base 7, what is 2 + 21260?
21262
In base 2, what is -1101101 + 0?
-1101101
In base 16, what is 197e + -4?
197a
In base 4, what is -2301 - 2?
-2303
In base 3, what is -1022 + 10?
-1012
In base 4, what is 2 - -1?
3
In base 8, what is 4 + 3562?
3566
In base 16, what is -37b + 0?
-37b
In base 13, what is 2c1 + -3?
2bb
In base 10, what is -2 + -163?
-165
In base 9, what is 3035 - -4?
3040
In base 12, what is -1b - -13?
-8
In base 11, what is -1973 - 3?
-1976
In base 16, what is 4 - 669?
-665
In base 8, what is 2 - 2014?
-2012
In base 15, what is 111 - 3?
10d
In base 5, what is 210443 + 3?
211001
In base 4, what is 331 - -2102?
3033
In base 10, what is -5 - -1729?
1724
In base 2, what is 0 + 1100?
1100
In base 7, what is -1 + -201?
-202
In base 13, what is 7 + -64?
-5a
In base 2, what is 11000010 - 1111111?
1000011
In base 4, what is 3 - -10133?
10202
In base 8, what is 3 - -1125?
1130
In base 4, what is 3 + 300?
303
In base 15, what is 1 + -958?
-957
In base 13, what is 33 - 2c?
4
In base 14, what is -42 + 0?
-42
In base 7, what is -35 + 222?
154
In base 13, what is 2360 + -3?
235a
In base 9, what is -5 + -157?
-163
In base 4, what is 1001 + -101?
300
In base 12, what is 20b + 3?
212
In base 3, what is -20102212 - -2?
-20102210
In base 11, what is 315 - -5?
31a
In base 4, what is 11 + -3032?
-3021
In base 7, what is 4 + -4?
0
In base 14, what is 17 + 1a?
33
In base 8, what is -41 + -6?
-47
In base 7, what is -2 + 411?
406
In base 16, what is -2 + -8?
-a
In base 14, what is 2 - -3?
5
In base 13, what is -2 + -26?
-28
In base 8, what is 4 + -21?
-15
In base 2, what is -10 - -1111101?
1111011
In base 8, what is 3 + 257?
262
In base 15, what is a + -88?
-7d
In base 15, what is a57 - -2?
a59
In base 8, what is 36 + 464?
522
In base 15, what is -4 + 3c?
38
In base 15, what is -6 + 1a?
14
In base 10, what is 6 - -858?
864
In base 8, what is -2146 - 2?
-2150
In base 10, what is 36 - 109?
-73
In base 3, what is -1010002 - 1?
-1010010
In base 8, what is -17327 + -4?
-17333
In base 3, what is -22101 - 11?
-22112
In base 15, what is -69 - -1?
-68
In base 3, what is 0 - -1110?
1110
In base 2, what is -10 + -11101110?
-11110000
In base 11, what is -1 - 5?
-6
In base 5, what is 24243 - -2?
24300
In base 8, what is 46 + 32?
100
In base 5, what is 323 - 2?
321
In base 2, what is 1 - -11000?
11001
In base 2, what is -10111 - -1100010111?
1100000000
In base 11, what is -5 + -1783?
-1788
In base 7, what is -3156 + -2?
-3161
In base 2, what is 100 - -11110000?
11110100
In base 13, what is 4 - 34?
-30
In base 6, what is 2233 - 1?
2232
In base 7, what is 33 + -22?
11
In base 5, what is 0 - -104?
104
In base 13, what is -27 - -7?
-20
In base 3, what is 1222 - 2?
1220
In base 10, what is 328 - 5?
323
In base 15, what is -6b - 5?
-71
In base 15, what is -5 - -dd1?
dcb
In base 13, what is -8c - -a?
-82
In base 4, what is 1 + -2130233?
-2130232
In base 16, what is -a - 161?
-16b
In base 5, what is -32 - 43?
-130
In base 4, what is 11 - -1?
12
In base 7, what is -3 - 345?
-351
In base 13, what is -15a + -3?
-160
In base 12, what is 1 + 64?
65
In base 14, what is -1 - ad?
-b0
In base 2, what is -10 + 11010001?
11001111
In base 2, what is -1 - 10000001?
-10000010
In base 13, what is -2 - 232?
-234
In base 6, what is -124551 + 5?
-124542
In base 11, what is 24 - -3?
27
In base 8, what is -211 - -5?
-204
In base 12, what is -3 + -20?
-23
In base 6, what is 3 + 401?
404
In base 2, what is -10 - 100110010100?
-100110010110
In base 12, what is 5 - 2a?
-25
In base 5, what is -4 - 14144?
-14203
In base 16, what is 41 + -2?
3f
In base 9, what is -2675 + -3?
-2678
In base 8, what is 2 - -71?
73
In base 9, what is -4 + 711?
706
In base 12, what is -97 - -1?
-96
In base 4, what is -3 + -132?
-201
In base 16, what is -c + f?
3
In base 10, what is -3 - 181?
-184
In base 15, what is -5 - 34a?
-350
In base 4, what is -2 - -101210?
101202
In base 6, what is -1 + 500?
455
In base 14, what is 1 + -49?
-48
In base 6, what is 2 + -2002?
-2000
In base 10, what is -34 + -1?
-35
In base 4, what is -33 - 0?
-33
In base 10, what is 9 + -5?
4
In base 6, what is 3 - 15441?
-15434
In base 6, what is 3311 - 0?
3311
In base 3, what is -121022121 + 12?
-121022102
In base 3, what is -200020 - -10?
-200010
In base 6, what is 4 + -51?
-43
In base 14, what is -66 + 20?
-46
In base 15, what is -2a - -2?
-28
In base 10, what is 0 + -101?
-101
In base 16, what is 1a + -20a?
-1f0
In base 2, what is -10110100001 - -1111?
-10110010010
In base 6, what is 2 + -40?
-34
In base 8, what is -2 - 475?
-477
In base 12, what is 3 + -3913?
-3910
In base 16, what is 9 + 11?
1a
In base 16, what is be + 1d?
db
In base 14, what is -1 - -26?
25
In base 8, what is 1 - -130?
131
In base 5, what is 1443 + -4?
1434
In base 12, what is 0 - -34?
34
In base 13, what is -4 + 5a?
56
In base 8, what is -7 + -20?
-27
In base 12, what is -179 - -25?
-154
In base 4, what is -2 + -3113?
-3121
In base 6, what is 51 - -230?
321
In base 11, what is -403 - 4?
-407
In base 16, what is -2 + -38?
-3a
In base 3, what is -2020 - -201?
-1112
In base 3, what is -11 + 0?
-11
In base 12, what is -2 - -2b04?
2b02
In base 15, what is 1ba - e?
1ab
In base 3, what is -102101 - -11?
-102020
In base 5, what is 4412 - -12?
4424
In base 14, what is 17 + d?
26
In base 12, what is -3b - 1?
-40
In base 2, what is 1 + -11011100?
-11011011
In base 9, what is 6 - 42?
-35
In base 10, what is 16 + -21?
-5
In base 8, what is -532 - -3?
-527
In base 3, what is -1011 + 12121?
11110
In base 8, what is 1756 - -3?
1761
In base 16, what is -1 - -15?
14
In base 9, what is 66 + 2?
68
In base 2, what is -111101 + 101011000?
100011011
In base 15, what is 73 - a?
68
In base 14, what is -c - -7b?
6d
In base 14, what is -cdd + 4?
-cd9
In base 2, what is -1001011011 - 0?
-1001011011
In base 4, what is -2 - 23?
-31
In base 6, what is -22 + -2301?
-2323
In base 10, what is -10 + 5?
-5
In base 7, what is 5 + -1256?
-1251
In base 4, what is -32100 + 10?
-32030
In base 6, what is 122 + 24?
150
In base 9, what is -2 + -158?
-161
In base 10, what is -690 + 1?
-689
In base 11, what is -56 + -10?
-66
In base 5, what is 1310000 - 2?
1304443
In base 14, what is -4 - -49b?
497
In base 12, what is 2 + -42?
-40
In base 11, what is -466 + 2?
-464
In base 14, what is 4 + 2a?
30
In base 10, what is -5 + 192?
187
In base 14, what is -9dc - 3?
-a01
In base 12, what is -10 + -a?
-1a
In base 3, what is 11 + 10112?
10200
In base 16, what is -8 + -142?
-14a
In base 5, what is 3210 + 3?
3213
In base 2, what is -110 - 1000?
-1110
In base 13, what is 54 - -1?
55
In base 4, what is -110 + -3?
-113
In base 12, what is b - 6?
5
In base 11, what is -6 + 5a?
54
In base 8, what is 0 - -436?
436
In base 14, what is 912 - 5?
90b
In base 9, what is 8 + 104?
113
In base 9, what is -221 - -6?
-214
In base 14, what is -2 + 87?
85
In base 14, what is -1 - 1cb?
-1cc
In base 3, what is -22111 - 2?
-22120
In base 6, what is -15 + -1245?
-1304
In base 2, what is 1100100010 - -1?
1100100011
In base 4, what is -211 - 1?
-212
In base 14, what is 24b + 3?
250
In base 9, what is 17 - -177?
205
In base 7, what is -202 - 10?
-212
In base 10, what is 2 - -808?
810
In base 6, what is 4 - -1242?
1250
In base 8, what is -2 - -5?
3
In base 4, what is 1001 - 13?
322
In base 15, what is -2 + 7b?
79
In base 2, what is -11100 + -110001?
-1001101
In base 12, what is 12 - -8?
1a
In base 7, what is -203 + 0?
-203
In base 5, what is -3 - 24?
-32
In base 16, what is -3 